0 = 5*u - 23 + 3. Let c(t) = -t**3 - 2*t - t + t**2 - 4 + u*t + 2*t. What are the prime factors of c(-4)?
2
Let f(o) = 0 + o**3 - 34*o - 6 - 10 + 6 - 2 + 15*o**2. List the prime factors of f(-13).
2, 3
Let b(y) be the first derivative of y**3/3 - 31*y**2/2 + 42*y - 26. Let g be b(30). Suppose -g*v + 428 = -8*v. What are the prime factors of v?
107
List the prime factors of ((-354)/3363 - (-4322)/(-95))*(-3940)/6.
2, 19, 197
Let k be (-2619)/(-9) - 3*-1. Let s be k*1/((-21)/(-18)). Let d = -146 + s. What are the prime factors of d?
2, 53
Let y = 135 + -131. Suppose -y*r - 5*o + 252 = 0, 14 + 346 = 5*r - 5*o. Let w = -10 + r. List the prime factors of w.
2, 29
Let n = 22 - -210. Suppose -3*f + n = 37. List the prime factors of f.
5, 13
Suppose 8*j = -2*j + 240. Let q = j - -101. Suppose -109 - q = -6*t. What are the prime factors of t?
3, 13
Let r(b) = 395*b + 2511. List the prime factors of r(20).
29, 359
Let f(l) = 154*l - 7. Let o be f(6). Suppose 0 = 8*y - 309 + o. Let t = y + 110. List the prime factors of t.
2, 17
Suppose 8*f - 4*f + 2*h - 30212 = 0, 2*h = -3*f + 22660. List the prime factors of f.
2, 59
Suppose -228 + 93 = -27*l. Suppose f = 3*n - 5004, 2*n - 7*n + 8340 = l*f. List the prime factors of n.
2, 3, 139
Suppose 0 = -6*s - 81 + 249. Suppose -s*h + 22*h = -2220. List the prime factors of h.
2, 5, 37
Suppose -29053 = 51*o + 4607. Let z = o + 1632. List the prime factors of z.
2, 3
Suppose -11*l = -4*l - 21. Suppose l*s - 1576 = -4*i + 2971, 0 = -2*i - s + 2271. List the prime factors of i.
11, 103
Let h(a) = 841*a**2 - 29*a + 137. List the prime factors of h(6).
11, 2749
Let w(b) = -6*b + 148. Let q be w(0). Let o = 150 + q. What are the prime factors of o?
2, 149
Let z(y) = -y**3 - 27*y**2 + 14*y + 110. Let j be z(-28). Suppose 4*c - 474 = 2*c - 4*b, -2*c = -3*b - j. List the prime factors of c.
5, 7
Let i(o) = -148*o**2 + 4*o - 1. Let r be i(1). Let y = -130 - r. Suppose -586 = y*k - 3016. What are the prime factors of k?
2, 3
Let s(j) = 2*j**3 + 92*j**2 - 54*j + 210. What are the prime factors of s(-39)?
2, 3, 5, 787
Suppose 7*x = 11*x - k - 55, -5*x - 5*k = -100. What are the prime factors of x*(10 - 0)*(-1 + 3)?
2, 3, 5
List the prime factors of (-18812)/(-8) + 70/28.
2, 11, 107
Let p = -1135 + 3823. List the prime factors of p.
2, 3, 7
Suppose 7*v - 31262 - 47859 = 29316. List the prime factors of v.
7, 2213
Let z = -74 - -96. Suppose 5*o + 12 = z. Suppose 0*b - s + 141 = b, -2*b + 298 = -o*s. What are the prime factors of b?
5, 29
Suppose 19*f + 6612 = 3*y + 16*f, -2 = 2*f. Suppose 0 = 4*v + 4*s - 2227 + 443, -5*v + 4*s = -y. What are the prime factors of v?
443
Let g be (-15)/3*1 - -40. Suppose 873 = -g*k + 38*k. List the prime factors of k.
3, 97
Let q = -4708 - -10881. Suppose -72019 - q = -48*k. What are the prime factors of k?
3, 181
Suppose -5*u - 8*i + 11990 = -6*i, i = -u + 2395. Suppose u = -2*o + 6*o. List the prime factors of o.
2, 3, 5
Suppose 9*x = 2*x + 49. Suppose -a = 0, -66 = -2*r - 2*a + x*a. List the prime factors of r.
3, 11
What are the prime factors of (90/25)/(-3) - (-7006216)/280?
131, 191
Let h = 633 + -623. List the prime factors of 1 + -1 - (h - 1276).
2, 3, 211
Let q(f) = f**3 + 5*f**2 - 4*f + 10. Let n be q(-6). Let c(o) = 6*o**3 + 3*o**2 + 5*o + 4. Let z be c(n). Let t = 69 + z. What are the prime factors of t?
3
Suppose 3*x + 3132 = h, 2*x + 21*h = 19*h - 2088. Let g = x - -2542. What are the prime factors of g?
2, 7, 107
Suppose -10*o - 334 = -2414. Let b = 1383 - o. List the prime factors of b.
5, 47
Suppose t + 85927 = 3*a, 2*a - 8954 = 5*t + 48322. List the prime factors of a.
28643
Let l(n) = 77*n - 548. List the prime factors of l(103).
3, 23, 107
Let r(k) = -3*k**3 - 35*k**2 - 14*k - 130. What are the prime factors of r(-12)?
2, 7, 13
Let c(g) = g + 3. Let b be c(-6). Suppose -46*y + 11*y + 350 = 0. List the prime factors of y/b*(-276)/10.
2, 23
Let r be (-4)/22 + (-290)/(-319)*53. Let t = -297 - -196. Let k = r - t. List the prime factors of k.
149
Suppose 8599 = 15*m - 1586. Let x = -322 + m. What are the prime factors of x?
3, 7, 17
Let g(v) = 2*v + 3. Let h be g(4). Suppose 8*a + z = h*a - 15, -5*a = 3*z - 39. List the prime factors of a.
2, 3
Let j(q) = 2*q**2 + 35*q + 9. Let z = 84 + -100. Let f be j(z). Let x = 143 - f. List the prime factors of x.
2, 7, 13
Suppose 0 = -113*f + 115*f - 1338. Suppose -4*x = f - 2821. List the prime factors of x.
2, 269
Suppose 378593 + 62208 - 32104 = 17*k. List the prime factors of k.
29, 829
Let s(k) = k**3 - 6*k**2 + 61*k + 29266. List the prime factors of s(0).
2, 14633
Suppose 7*x - 29916 + 6011 = 0. Suppose 20*q - 11895 = -x. List the prime factors of q.
2, 53
Suppose -5*q - 2*h = -10*q + 11179, 3*q = -2*h + 6717. Let d = q + -1482. What are the prime factors of d?
5, 151
Let a(q) = -7483*q - 547. What are the prime factors of a(-11)?
2, 40883
Let f = -45 - -45. Let j be 3 + ((f/(-2))/3 - -2). Suppose 97 = s - 0*z + 5*z, 0 = j*z. What are the prime factors of s?
97
Suppose -61 = -c + 2*a + 5, -2*a = -10. Let d = 8 + -51. Let k = c - d. List the prime factors of k.
7, 17
Suppose -98996 = 8*d - 12*d - 3*s, -6*d + 148468 = -2*s. What are the prime factors of d?
2, 12373
Let o(g) be the third derivative of 19/24*g**4 + 23*g**2 + 0 - g**3 + 0*g. What are the prime factors of o(10)?
2, 23
Suppose -23*y + 3*d + 200 = -18*y, -y + 4*d + 40 = 0. Suppose -24*h + y*h - 24576 = 0. What are the prime factors of h?
2, 3
Let n(h) = -36*h - 68 + 80*h - 27*h. List the prime factors of n(10).
2, 3, 17
Let f = -272 - -340. Suppose 3*l - 6 = 0, 2*t = 5*l + f + 476. List the prime factors of t.
277
Let w(r) = -2*r**3 - 82*r**2 + 283*r - 58. List the prime factors of w(-52).
2, 79, 283
Let w be 105/(-70) + 436/8. Let g be 137/1 + (2 - 5). Let h = w + g. What are the prime factors of h?
11, 17
Let j(c) = -3047*c - 8442. What are the prime factors of j(-7)?
7, 263
Let i = 65 + -162. Let t = 145 - i. List the prime factors of t.
2, 11
Suppose 5*x - 31 = -4*f, -5*x - 11 = -26. Suppose 2*q - 114 = -2*a, 0*q + 2*q = -f*a + 122. What are the prime factors of q?
53
Let k be (39/(-26))/((-3)/(-43084)). What are the prime factors of 140/168 - k/12?
2, 449
Let z(a) = 915*a**2 - 40*a + 92. List the prime factors of z(3).
29, 283
Let y be 0 - (-58*2 - -4). Suppose 72*v - y = 71*v. Suppose -n - 5 = -v. What are the prime factors of n?
107
Let g be (12 + -12)/(-14) + 1*3. Suppose -g*s + 1257 = i, 2*i = -4*s + 3*s + 2519. List the prime factors of i.
2, 3, 5, 7
Let m(r) = -r**3 + 3*r**2 + r - 4. Let p be m(2). Suppose 4 - 16 = -2*b + 5*d, -3*d = 4*b + p. What are the prime factors of 33/1 - (0 + b + 2)?
2, 3, 5
Let i(y) = y**2 - 11*y + 21. Let u be i(9). Suppose -6 - 9 = -u*b. Suppose -n = 2*k + 3*k - 15, 2*n - 35 = -b*k. What are the prime factors of n?
2, 5
Let t = 5735 - -4419. What are the prime factors of t?
2, 5077
Let p = 17718 - 9688. List the prime factors of p.
2, 5, 11, 73
List the prime factors of (9 - -2231)*72/15.
2, 3, 7
Suppose -4*x = 24, -3*x - 515 = -s + 13186. List the prime factors of s.
3, 4561
Let r(a) = a**2 + 16*a - 154. Let m(s) = -3*s**2 - 31*s + 309. Let i(u) = -3*m(u) - 5*r(u). List the prime factors of i(13).
2, 43
Suppose 5*s - 3*s + r + 4 = 0, -2*s - 10 = 4*r. Let l be (5*12/50)/(s/(-5)). Suppose 11*z + l*z - 408 = 0. List the prime factors of z.
2, 3
What are the prime factors of ((5/6 + -1)*-1126)/((-51)/(-1683))?
11, 563
Let r = 8392 - 6967. List the prime factors of r.
3, 5, 19
Let c = 247 - 244. Suppose 3*m + 5 = -10, c*l = -2*m + 341. List the prime factors of l.
3, 13
Suppose 0*f + 4 = f. Suppose r + f*c - 1746 = 0, -c + 8 = c. List the prime factors of r.
2, 5, 173
Let w be (1 + (-3)/2)*-10. Let r(b) = b**3 - 9*b**2 - 165*b - 12. Let y be r(-9). Suppose 0 = -3*c - y, -2*l + 760 = 3*l - w*c. List the prime factors of l.
3, 7
Let h be (1686/8 + 1)*(-3 - -7). Suppose -4*r = 7*r - h. What are the prime factors of r?
7, 11
Let r = 709 + 177. Let p be 165/25 + 4/10. Suppose -p*t = -r + 144. List the prime factors of t.
2, 53
Let c be -9*2/15*(-1280)/12. Suppose 124*m - c*m + 8 = 0. List the prime factors of (2/(-2))/m + (-7658)/(-28).
3, 7, 13
Suppose -129712 - 678612 - 244541 = -45*u. List the prime factors of u.
3, 11, 709
Let j be 3 - 2 -